{"id":128,"date":"2025-08-05T13:40:52","date_gmt":"2025-08-05T11:40:52","guid":{"rendered":"https:\/\/usworkshop.iztech.pl\/?page_id=128"},"modified":"2025-10-26T23:14:14","modified_gmt":"2025-10-26T22:14:14","slug":"venue","status":"publish","type":"page","link":"https:\/\/usworkshop.iztech.pl\/index.php\/venue\/","title":{"rendered":"Venue"},"content":{"rendered":"\t\t<div data-elementor-type=\"wp-page\" data-elementor-id=\"128\" class=\"elementor elementor-128\" data-elementor-post-type=\"page\">\n\t\t\t\t<div class=\"elementor-element elementor-element-ad46bee e-con-full e-flex e-con e-parent\" data-id=\"ad46bee\" data-element_type=\"container\" data-settings=\"{&quot;background_background&quot;:&quot;classic&quot;}\">\n\t\t\t\t<div class=\"elementor-element elementor-element-09404fd elementor-widget elementor-widget-image\" data-id=\"09404fd\" data-element_type=\"widget\" data-widget_type=\"image.default\">\n\t\t\t\t\t\t\t\t\t\t\t\t\t\t\t<img fetchpriority=\"high\" decoding=\"async\" width=\"1600\" height=\"400\" src=\"https:\/\/usworkshop.iztech.pl\/wp-content\/uploads\/2025\/10\/Ncura-banner-1600-x-400-px-bez-early-bird.png\" class=\"attachment-full size-full wp-image-508\" alt=\"\" srcset=\"https:\/\/usworkshop.iztech.pl\/wp-content\/uploads\/2025\/10\/Ncura-banner-1600-x-400-px-bez-early-bird.png 1600w, https:\/\/usworkshop.iztech.pl\/wp-content\/uploads\/2025\/10\/Ncura-banner-1600-x-400-px-bez-early-bird-300x75.png 300w, https:\/\/usworkshop.iztech.pl\/wp-content\/uploads\/2025\/10\/Ncura-banner-1600-x-400-px-bez-early-bird-1024x256.png 1024w, https:\/\/usworkshop.iztech.pl\/wp-content\/uploads\/2025\/10\/Ncura-banner-1600-x-400-px-bez-early-bird-768x192.png 768w, https:\/\/usworkshop.iztech.pl\/wp-content\/uploads\/2025\/10\/Ncura-banner-1600-x-400-px-bez-early-bird-1536x384.png 1536w\" sizes=\"(max-width: 1600px) 100vw, 1600px\" \/>\t\t\t\t\t\t\t\t\t\t\t\t\t\t\t<\/div>\n\t\t\t\t<\/div>\n\t\t<div class=\"elementor-element elementor-element-6792bb72 e-flex e-con-boxed e-con e-parent\" data-id=\"6792bb72\" data-element_type=\"container\" data-settings=\"{&quot;background_background&quot;:&quot;classic&quot;,&quot;sticky&quot;:&quot;top&quot;,&quot;sticky_on&quot;:[&quot;desktop&quot;,&quot;tablet&quot;,&quot;mobile&quot;],&quot;sticky_offset&quot;:0,&quot;sticky_effects_offset&quot;:0,&quot;sticky_anchor_link_offset&quot;:0}\">\n\t\t\t\t\t<div class=\"e-con-inner\">\n\t\t\t\t<div class=\"elementor-element elementor-element-486ece95 elementor-nav-menu--dropdown-mobile elementor-nav-menu--stretch elementor-nav-menu__text-align-aside elementor-nav-menu--toggle elementor-nav-menu--burger elementor-widget elementor-widget-global elementor-global-206 elementor-widget-nav-menu\" data-id=\"486ece95\" data-element_type=\"widget\" data-settings=\"{&quot;full_width&quot;:&quot;stretch&quot;,&quot;layout&quot;:&quot;horizontal&quot;,&quot;submenu_icon&quot;:{&quot;value&quot;:&quot;fas fa-caret-down&quot;,&quot;library&quot;:&quot;fa-solid&quot;},&quot;toggle&quot;:&quot;burger&quot;}\" data-widget_type=\"nav-menu.default\">\n\t\t\t\t\t\t\t\t<nav aria-label=\"Menu\" class=\"elementor-nav-menu--main elementor-nav-menu__container elementor-nav-menu--layout-horizontal e--pointer-none\">\n\t\t\t\t<ul id=\"menu-1-486ece95\" class=\"elementor-nav-menu\"><li class=\"menu-item menu-item-type-post_type menu-item-object-page menu-item-home menu-item-24\"><a href=\"https:\/\/usworkshop.iztech.pl\/\" class=\"elementor-item\">Main<\/a><\/li>\n<li class=\"menu-item menu-item-type-post_type menu-item-object-page menu-item-473\"><a href=\"https:\/\/usworkshop.iztech.pl\/index.php\/agenda\/\" class=\"elementor-item\">Agenda<\/a><\/li>\n<li class=\"menu-item menu-item-type-post_type menu-item-object-page menu-item-471\"><a href=\"https:\/\/usworkshop.iztech.pl\/index.php\/preparatory-webinar\/\" class=\"elementor-item\">Preparatory Webinar<\/a><\/li>\n<li class=\"menu-item menu-item-type-post_type menu-item-object-page menu-item-141\"><a href=\"https:\/\/usworkshop.iztech.pl\/index.php\/venue\/\" class=\"elementor-item\">Venue<\/a><\/li>\n<li class=\"menu-item menu-item-type-post_type menu-item-object-page menu-item-142\"><a href=\"https:\/\/usworkshop.iztech.pl\/index.php\/registration\/\" class=\"elementor-item\">Registration<\/a><\/li>\n<li class=\"menu-item menu-item-type-post_type menu-item-object-page menu-item-143\"><a href=\"https:\/\/usworkshop.iztech.pl\/index.php\/contact-us\/\" class=\"elementor-item\">Contact Us<\/a><\/li>\n<\/ul>\t\t\t<\/nav>\n\t\t\t\t\t<div class=\"elementor-menu-toggle\" role=\"button\" tabindex=\"0\" aria-label=\"Menu Toggle\" aria-expanded=\"false\">\n\t\t\t<svg aria-hidden=\"true\" role=\"presentation\" class=\"elementor-menu-toggle__icon--open e-font-icon-svg e-eicon-menu-bar\" viewBox=\"0 0 1000 1000\" xmlns=\"http:\/\/www.w3.org\/2000\/svg\"><path d=\"M104 333H896C929 333 958 304 958 271S929 208 896 208H104C71 208 42 237 42 271S71 333 104 333ZM104 583H896C929 583 958 554 958 521S929 458 896 458H104C71 458 42 487 42 521S71 583 104 583ZM104 833H896C929 833 958 804 958 771S929 708 896 708H104C71 708 42 737 42 771S71 833 104 833Z\"><\/path><\/svg><svg aria-hidden=\"true\" role=\"presentation\" class=\"elementor-menu-toggle__icon--close e-font-icon-svg e-eicon-close\" viewBox=\"0 0 1000 1000\" xmlns=\"http:\/\/www.w3.org\/2000\/svg\"><path d=\"M742 167L500 408 258 167C246 154 233 150 217 150 196 150 179 158 167 167 154 179 150 196 150 212 150 229 154 242 171 254L408 500 167 742C138 771 138 800 167 829 196 858 225 858 254 829L496 587 738 829C750 842 767 846 783 846 800 846 817 842 829 829 842 817 846 804 846 783 846 767 842 750 829 737L588 500 833 258C863 229 863 200 833 171 804 137 775 137 742 167Z\"><\/path><\/svg>\t\t<\/div>\n\t\t\t\t\t<nav class=\"elementor-nav-menu--dropdown elementor-nav-menu__container\" aria-hidden=\"true\">\n\t\t\t\t<ul id=\"menu-2-486ece95\" class=\"elementor-nav-menu\"><li class=\"menu-item menu-item-type-post_type menu-item-object-page menu-item-home menu-item-24\"><a href=\"https:\/\/usworkshop.iztech.pl\/\" class=\"elementor-item\" tabindex=\"-1\">Main<\/a><\/li>\n<li class=\"menu-item menu-item-type-post_type menu-item-object-page menu-item-473\"><a href=\"https:\/\/usworkshop.iztech.pl\/index.php\/agenda\/\" class=\"elementor-item\" tabindex=\"-1\">Agenda<\/a><\/li>\n<li class=\"menu-item menu-item-type-post_type menu-item-object-page menu-item-471\"><a href=\"https:\/\/usworkshop.iztech.pl\/index.php\/preparatory-webinar\/\" class=\"elementor-item\" tabindex=\"-1\">Preparatory Webinar<\/a><\/li>\n<li class=\"menu-item menu-item-type-post_type menu-item-object-page menu-item-141\"><a href=\"https:\/\/usworkshop.iztech.pl\/index.php\/venue\/\" class=\"elementor-item\" tabindex=\"-1\">Venue<\/a><\/li>\n<li class=\"menu-item menu-item-type-post_type menu-item-object-page menu-item-142\"><a href=\"https:\/\/usworkshop.iztech.pl\/index.php\/registration\/\" class=\"elementor-item\" tabindex=\"-1\">Registration<\/a><\/li>\n<li class=\"menu-item menu-item-type-post_type menu-item-object-page menu-item-143\"><a href=\"https:\/\/usworkshop.iztech.pl\/index.php\/contact-us\/\" class=\"elementor-item\" tabindex=\"-1\">Contact Us<\/a><\/li>\n<\/ul>\t\t\t<\/nav>\n\t\t\t\t\t\t<\/div>\n\t\t\t\t\t<\/div>\n\t\t\t\t<\/div>\n\t\t<div class=\"elementor-element elementor-element-2dedea4f e-flex e-con-boxed e-con e-parent\" data-id=\"2dedea4f\" data-element_type=\"container\" data-settings=\"{&quot;background_background&quot;:&quot;classic&quot;}\">\n\t\t\t\t\t<div class=\"e-con-inner\">\n\t\t<div class=\"elementor-element elementor-element-1dbf242f e-con-full e-flex e-con e-child\" data-id=\"1dbf242f\" data-element_type=\"container\">\n\t\t\t\t<div class=\"elementor-element elementor-element-2d98f7f1 elementor-widget elementor-widget-heading\" data-id=\"2d98f7f1\" data-element_type=\"widget\" data-widget_type=\"heading.default\">\n\t\t\t\t\t<h2 class=\"elementor-heading-title elementor-size-default\">University of Warsaw<\/h2>\t\t\t\t<\/div>\n\t\t<div class=\"elementor-element elementor-element-379b5e2d e-con-full e-flex e-con e-child\" data-id=\"379b5e2d\" data-element_type=\"container\">\n\t\t\t\t<div class=\"elementor-element elementor-element-432e84ad elementor-widget elementor-widget-heading\" data-id=\"432e84ad\" data-element_type=\"widget\" data-widget_type=\"heading.default\">\n\t\t\t\t\t<h2 class=\"elementor-heading-title elementor-size-default\">University of Warsaw (UW) is the top higher education institution and leading research centre in Poland offering studies and specializations within the humanities, mathematical, natural sciences and medicine. UW is recognized by prestigious international rankings, such as, the ARWU Shanghai Ranking, the QS Top Universities, and the Times Higher Education World University Rankings.\n\nThe University of Warsaw is the biggest Polish university with ca. 38\u00a0000 students, studying at 25 faculties and 30 divisions. University's scholars and students achieve outstanding global success in the areas, such as,\u00a0 IT sciences, archaeology, astronomy, and physics.\n\nThe University of Warsaw was established in 1816. It is here that the ingenious pianist Fryderyk Chopin studied, and that Nobel prize winners: Henryk Sienkiewicz, Menachem Begin, Czes\u0142aw Mi\u0142osz, J\u00f3zef Rotblat, Leonid Hurwicz, and Olga Tokarczuk obtained their education. Over the last 208 years UW has had the strong influence on intellectual and cultural life of the capital city of Poland.<\/h2>\t\t\t\t<\/div>\n\t\t\t\t<\/div>\n\t\t\t\t<\/div>\n\t\t<div class=\"elementor-element elementor-element-68043604 e-con-full e-flex e-con e-child\" data-id=\"68043604\" data-element_type=\"container\">\n\t\t\t\t<div class=\"elementor-element elementor-element-19d50d63 elementor-widget elementor-widget-image\" data-id=\"19d50d63\" data-element_type=\"widget\" data-widget_type=\"image.default\">\n\t\t\t\t\t\t\t\t\t\t\t\t\t\t\t<img decoding=\"async\" width=\"1110\" height=\"740\" src=\"https:\/\/usworkshop.iztech.pl\/wp-content\/uploads\/2025\/08\/OCXBAQV0QO4VQPV_1_Phase_One_Facade_ul.Dobra_NateCookPhotography-6-1140x760-1.jpg\" class=\"attachment-full size-full wp-image-237\" alt=\"\" srcset=\"https:\/\/usworkshop.iztech.pl\/wp-content\/uploads\/2025\/08\/OCXBAQV0QO4VQPV_1_Phase_One_Facade_ul.Dobra_NateCookPhotography-6-1140x760-1.jpg 1110w, https:\/\/usworkshop.iztech.pl\/wp-content\/uploads\/2025\/08\/OCXBAQV0QO4VQPV_1_Phase_One_Facade_ul.Dobra_NateCookPhotography-6-1140x760-1-300x200.jpg 300w, https:\/\/usworkshop.iztech.pl\/wp-content\/uploads\/2025\/08\/OCXBAQV0QO4VQPV_1_Phase_One_Facade_ul.Dobra_NateCookPhotography-6-1140x760-1-1024x683.jpg 1024w, https:\/\/usworkshop.iztech.pl\/wp-content\/uploads\/2025\/08\/OCXBAQV0QO4VQPV_1_Phase_One_Facade_ul.Dobra_NateCookPhotography-6-1140x760-1-768x512.jpg 768w\" sizes=\"(max-width: 1110px) 100vw, 1110px\" \/>\t\t\t\t\t\t\t\t\t\t\t\t\t\t\t<\/div>\n\t\t\t\t<\/div>\n\t\t\t\t\t<\/div>\n\t\t\t\t<\/div>\n\t\t<div class=\"elementor-element elementor-element-5573f330 e-flex e-con-boxed e-con e-parent\" data-id=\"5573f330\" data-element_type=\"container\">\n\t\t\t\t\t<div class=\"e-con-inner\">\n\t\t<div class=\"elementor-element elementor-element-6d0bee1c e-con-full e-flex e-con e-child\" data-id=\"6d0bee1c\" data-element_type=\"container\" data-settings=\"{&quot;background_background&quot;:&quot;classic&quot;}\">\n\t\t\t\t<div class=\"elementor-element elementor-element-4580c5ef elementor-widget elementor-widget-google_maps\" data-id=\"4580c5ef\" data-element_type=\"widget\" data-widget_type=\"google_maps.default\">\n\t\t\t\t\t\t\t<div class=\"elementor-custom-embed\">\n\t\t\t<iframe loading=\"lazy\"\n\t\t\t\t\tsrc=\"https:\/\/maps.google.com\/maps?q=%C2%A0Dobra%2055%2C%20Warsaw&#038;t=m&#038;z=17&#038;output=embed&#038;iwloc=near\"\n\t\t\t\t\ttitle=\"\u00a0Dobra 55, Warsaw\"\n\t\t\t\t\taria-label=\"\u00a0Dobra 55, Warsaw\"\n\t\t\t><\/iframe>\n\t\t<\/div>\n\t\t\t\t\t\t<\/div>\n\t\t\t\t<\/div>\n\t\t<div class=\"elementor-element elementor-element-1582cade e-con-full e-flex e-con e-child\" data-id=\"1582cade\" data-element_type=\"container\">\n\t\t\t\t<div class=\"elementor-element elementor-element-2829cc31 elementor-widget elementor-widget-heading\" data-id=\"2829cc31\" data-element_type=\"widget\" data-widget_type=\"heading.default\">\n\t\t\t\t\t<h2 class=\"elementor-heading-title elementor-size-default\">Join Us<\/h2>\t\t\t\t<\/div>\n\t\t\t\t<div class=\"elementor-element elementor-element-68ff7c3b elementor-widget elementor-widget-icon-box\" data-id=\"68ff7c3b\" data-element_type=\"widget\" data-widget_type=\"icon-box.default\">\n\t\t\t\t\t\t\t<div class=\"elementor-icon-box-wrapper\">\n\n\t\t\t\n\t\t\t\t\t\t<div class=\"elementor-icon-box-content\">\n\n\t\t\t\t\t\t\t\t\t<h4 class=\"elementor-icon-box-title\">\n\t\t\t\t\t\t<span  >\n\t\t\t\t\t\t\tAddress:\t\t\t\t\t\t<\/span>\n\t\t\t\t\t<\/h4>\n\t\t\t\t\n\t\t\t\t\t\t\t\t\t<p class=\"elementor-icon-box-description\">\n\t\t\t\t\t\tUniversity of Warsaw,<br>Dobra 55, Warsaw\n\t\t\t\t\t<\/p>\n\t\t\t\t\n\t\t\t<\/div>\n\t\t\t\n\t\t<\/div>\n\t\t\t\t\t\t<\/div>\n\t\t\t\t<\/div>\n\t\t\t\t\t<\/div>\n\t\t\t\t<\/div>\n\t\t<div class=\"elementor-element elementor-element-448bebe8 e-flex e-con-boxed e-con e-parent\" data-id=\"448bebe8\" data-element_type=\"container\" data-settings=\"{&quot;background_background&quot;:&quot;classic&quot;}\">\n\t\t\t\t\t<div class=\"e-con-inner\">\n\t\t\t\t<div class=\"elementor-element elementor-element-2e27f1f7 elementor-widget elementor-widget-heading\" data-id=\"2e27f1f7\" data-element_type=\"widget\" data-widget_type=\"heading.default\">\n\t\t\t\t\t<p class=\"elementor-heading-title elementor-size-default\">\u00a9 IZTECH All Rights Reserved.<\/p>\t\t\t\t<\/div>\n\t\t\t\t\t<\/div>\n\t\t\t\t<\/div>\n\t\t\t\t<\/div>\n\t\t","protected":false},"excerpt":{"rendered":"<p>University of Warsaw University of Warsaw (UW) is the top higher education institution and leading research centre in Poland offering studies and specializations within the humanities, mathematical, natural sciences and medicine. UW is recognized by prestigious international rankings, such as, the ARWU Shanghai Ranking, the QS Top Universities, and the Times Higher Education World University [&hellip;]<\/p>\n","protected":false},"author":1,"featured_media":0,"parent":0,"menu_order":0,"comment_status":"closed","ping_status":"closed","template":"elementor_canvas","meta":{"footnotes":""},"class_list":["post-128","page","type-page","status-publish","hentry"],"yoast_head":"<!-- This site is optimized with the Yoast SEO plugin v26.7 - https:\/\/yoast.com\/wordpress\/plugins\/seo\/ -->\n<title>Venue - USWORKSHOP<\/title>\n<meta name=\"robots\" content=\"index, follow, max-snippet:-1, max-image-preview:large, max-video-preview:-1\" \/>\n<link rel=\"canonical\" href=\"https:\/\/usworkshop.iztech.pl\/index.php\/venue\/\" \/>\n<meta property=\"og:locale\" content=\"pl_PL\" \/>\n<meta property=\"og:type\" content=\"article\" \/>\n<meta property=\"og:title\" content=\"Venue - USWORKSHOP\" \/>\n<meta property=\"og:description\" content=\"University of Warsaw University of Warsaw (UW) is the top higher education institution and leading research centre in Poland offering studies and specializations within the humanities, mathematical, natural sciences and medicine. UW is recognized by prestigious international rankings, such as, the ARWU Shanghai Ranking, the QS Top Universities, and the Times Higher Education World University [&hellip;]\" \/>\n<meta property=\"og:url\" content=\"https:\/\/usworkshop.iztech.pl\/index.php\/venue\/\" \/>\n<meta property=\"og:site_name\" content=\"USWORKSHOP\" \/>\n<meta property=\"article:modified_time\" content=\"2025-10-26T22:14:14+00:00\" \/>\n<meta property=\"og:image\" content=\"https:\/\/usworkshop.iztech.pl\/wp-content\/uploads\/2025\/10\/Ncura-banner-1600-x-400-px-bez-early-bird.png\" \/>\n<meta name=\"twitter:card\" content=\"summary_large_image\" \/>\n<meta name=\"twitter:label1\" content=\"Szacowany czas czytania\" \/>\n\t<meta name=\"twitter:data1\" content=\"2 minuty\" \/>\n<script type=\"application\/ld+json\" class=\"yoast-schema-graph\">{\"@context\":\"https:\/\/schema.org\",\"@graph\":[{\"@type\":\"WebPage\",\"@id\":\"https:\/\/usworkshop.iztech.pl\/index.php\/venue\/\",\"url\":\"https:\/\/usworkshop.iztech.pl\/index.php\/venue\/\",\"name\":\"Venue - USWORKSHOP\",\"isPartOf\":{\"@id\":\"https:\/\/usworkshop.iztech.pl\/#website\"},\"primaryImageOfPage\":{\"@id\":\"https:\/\/usworkshop.iztech.pl\/index.php\/venue\/#primaryimage\"},\"image\":{\"@id\":\"https:\/\/usworkshop.iztech.pl\/index.php\/venue\/#primaryimage\"},\"thumbnailUrl\":\"https:\/\/usworkshop.iztech.pl\/wp-content\/uploads\/2025\/10\/Ncura-banner-1600-x-400-px-bez-early-bird.png\",\"datePublished\":\"2025-08-05T11:40:52+00:00\",\"dateModified\":\"2025-10-26T22:14:14+00:00\",\"breadcrumb\":{\"@id\":\"https:\/\/usworkshop.iztech.pl\/index.php\/venue\/#breadcrumb\"},\"inLanguage\":\"pl-PL\",\"potentialAction\":[{\"@type\":\"ReadAction\",\"target\":[\"https:\/\/usworkshop.iztech.pl\/index.php\/venue\/\"]}]},{\"@type\":\"ImageObject\",\"inLanguage\":\"pl-PL\",\"@id\":\"https:\/\/usworkshop.iztech.pl\/index.php\/venue\/#primaryimage\",\"url\":\"https:\/\/usworkshop.iztech.pl\/wp-content\/uploads\/2025\/10\/Ncura-banner-1600-x-400-px-bez-early-bird.png\",\"contentUrl\":\"https:\/\/usworkshop.iztech.pl\/wp-content\/uploads\/2025\/10\/Ncura-banner-1600-x-400-px-bez-early-bird.png\",\"width\":1600,\"height\":400},{\"@type\":\"BreadcrumbList\",\"@id\":\"https:\/\/usworkshop.iztech.pl\/index.php\/venue\/#breadcrumb\",\"itemListElement\":[{\"@type\":\"ListItem\",\"position\":1,\"name\":\"Home\",\"item\":\"https:\/\/usworkshop.iztech.pl\/\"},{\"@type\":\"ListItem\",\"position\":2,\"name\":\"Venue\"}]},{\"@type\":\"WebSite\",\"@id\":\"https:\/\/usworkshop.iztech.pl\/#website\",\"url\":\"https:\/\/usworkshop.iztech.pl\/\",\"name\":\"USWORKSHOP\",\"description\":\"\",\"potentialAction\":[{\"@type\":\"SearchAction\",\"target\":{\"@type\":\"EntryPoint\",\"urlTemplate\":\"https:\/\/usworkshop.iztech.pl\/?s={search_term_string}\"},\"query-input\":{\"@type\":\"PropertyValueSpecification\",\"valueRequired\":true,\"valueName\":\"search_term_string\"}}],\"inLanguage\":\"pl-PL\"}]}<\/script>\n<!-- \/ Yoast SEO plugin. -->","yoast_head_json":{"title":"Venue - USWORKSHOP","robots":{"index":"index","follow":"follow","max-snippet":"max-snippet:-1","max-image-preview":"max-image-preview:large","max-video-preview":"max-video-preview:-1"},"canonical":"https:\/\/usworkshop.iztech.pl\/index.php\/venue\/","og_locale":"pl_PL","og_type":"article","og_title":"Venue - USWORKSHOP","og_description":"University of Warsaw University of Warsaw (UW) is the top higher education institution and leading research centre in Poland offering studies and specializations within the humanities, mathematical, natural sciences and medicine. UW is recognized by prestigious international rankings, such as, the ARWU Shanghai Ranking, the QS Top Universities, and the Times Higher Education World University [&hellip;]","og_url":"https:\/\/usworkshop.iztech.pl\/index.php\/venue\/","og_site_name":"USWORKSHOP","article_modified_time":"2025-10-26T22:14:14+00:00","og_image":[{"url":"https:\/\/usworkshop.iztech.pl\/wp-content\/uploads\/2025\/10\/Ncura-banner-1600-x-400-px-bez-early-bird.png","type":"","width":"","height":""}],"twitter_card":"summary_large_image","twitter_misc":{"Szacowany czas czytania":"2 minuty"},"schema":{"@context":"https:\/\/schema.org","@graph":[{"@type":"WebPage","@id":"https:\/\/usworkshop.iztech.pl\/index.php\/venue\/","url":"https:\/\/usworkshop.iztech.pl\/index.php\/venue\/","name":"Venue - USWORKSHOP","isPartOf":{"@id":"https:\/\/usworkshop.iztech.pl\/#website"},"primaryImageOfPage":{"@id":"https:\/\/usworkshop.iztech.pl\/index.php\/venue\/#primaryimage"},"image":{"@id":"https:\/\/usworkshop.iztech.pl\/index.php\/venue\/#primaryimage"},"thumbnailUrl":"https:\/\/usworkshop.iztech.pl\/wp-content\/uploads\/2025\/10\/Ncura-banner-1600-x-400-px-bez-early-bird.png","datePublished":"2025-08-05T11:40:52+00:00","dateModified":"2025-10-26T22:14:14+00:00","breadcrumb":{"@id":"https:\/\/usworkshop.iztech.pl\/index.php\/venue\/#breadcrumb"},"inLanguage":"pl-PL","potentialAction":[{"@type":"ReadAction","target":["https:\/\/usworkshop.iztech.pl\/index.php\/venue\/"]}]},{"@type":"ImageObject","inLanguage":"pl-PL","@id":"https:\/\/usworkshop.iztech.pl\/index.php\/venue\/#primaryimage","url":"https:\/\/usworkshop.iztech.pl\/wp-content\/uploads\/2025\/10\/Ncura-banner-1600-x-400-px-bez-early-bird.png","contentUrl":"https:\/\/usworkshop.iztech.pl\/wp-content\/uploads\/2025\/10\/Ncura-banner-1600-x-400-px-bez-early-bird.png","width":1600,"height":400},{"@type":"BreadcrumbList","@id":"https:\/\/usworkshop.iztech.pl\/index.php\/venue\/#breadcrumb","itemListElement":[{"@type":"ListItem","position":1,"name":"Home","item":"https:\/\/usworkshop.iztech.pl\/"},{"@type":"ListItem","position":2,"name":"Venue"}]},{"@type":"WebSite","@id":"https:\/\/usworkshop.iztech.pl\/#website","url":"https:\/\/usworkshop.iztech.pl\/","name":"USWORKSHOP","description":"","potentialAction":[{"@type":"SearchAction","target":{"@type":"EntryPoint","urlTemplate":"https:\/\/usworkshop.iztech.pl\/?s={search_term_string}"},"query-input":{"@type":"PropertyValueSpecification","valueRequired":true,"valueName":"search_term_string"}}],"inLanguage":"pl-PL"}]}},"_links":{"self":[{"href":"https:\/\/usworkshop.iztech.pl\/index.php\/wp-json\/wp\/v2\/pages\/128","targetHints":{"allow":["GET"]}}],"collection":[{"href":"https:\/\/usworkshop.iztech.pl\/index.php\/wp-json\/wp\/v2\/pages"}],"about":[{"href":"https:\/\/usworkshop.iztech.pl\/index.php\/wp-json\/wp\/v2\/types\/page"}],"author":[{"embeddable":true,"href":"https:\/\/usworkshop.iztech.pl\/index.php\/wp-json\/wp\/v2\/users\/1"}],"replies":[{"embeddable":true,"href":"https:\/\/usworkshop.iztech.pl\/index.php\/wp-json\/wp\/v2\/comments?post=128"}],"version-history":[{"count":52,"href":"https:\/\/usworkshop.iztech.pl\/index.php\/wp-json\/wp\/v2\/pages\/128\/revisions"}],"predecessor-version":[{"id":529,"href":"https:\/\/usworkshop.iztech.pl\/index.php\/wp-json\/wp\/v2\/pages\/128\/revisions\/529"}],"wp:attachment":[{"href":"https:\/\/usworkshop.iztech.pl\/index.php\/wp-json\/wp\/v2\/media?parent=128"}],"curies":[{"name":"wp","href":"https:\/\/api.w.org\/{rel}","templated":true}]}}